y 2598.
659
What is the remainder when 183173 is divided by 4366?
4167
Calculate the remainder when 63099 is divided by 15719.
223
Calculate the remainder when 1357995 is divided by 13579.
95
What is the remainder when 27755441 is divided by 28?
21
What is the remainder when 211802 is divided by 3350?
752
What is the remainder when 2803713 is divided by 7?
3
Calculate the remainder when 33667999 is divided by 886.
885
Calculate the remainder when 458938 is divided by 23.
19
Calculate the remainder when 10759889 is divided by 5379933.
23
Calculate the remainder when 2558 is divided by 1157.
244
Calculate the remainder when 7294096 is divided by 108.
100
Calculate the remainder when 4775534 is divided by 477553.
4
What is the remainder when 6340 is divided by 1046?
64
What is the remainder when 1119744 is divided by 58910?
454
Calculate the remainder when 414897 is divided by 414747.
150
Calculate the remainder when 63426 is divided by 12585.
501
Calculate the remainder when 17249087 is divided by 4312268.
15
What is the remainder when 6112090 is divided by 187?
182
Calculate the remainder when 4127353 is divided by 4255.
3
What is the remainder when 1289 is divided by 419?
32
Calculate the remainder when 142736523 is divided by 941.
938
What is the remainder when 3082363 is divided by 171242?
7
What is the remainder when 412919 is divided by 1535?
4
What is the remainder when 108626352 is divided by 27156587?
4
What is the remainder when 10801273 is divided by 133349?
4
What is the remainder when 100310 is divided by 24898?
718
What is the remainder when 174823604 is divided by 48?
20
What is the remainder when 4844497 is divided by 7093?
7071
Calculate the remainder when 27828 is divided by 688.
308
Calculate the remainder when 8715795 is divided by 234.
231
Calculate the remainder when 144743 is divided by 2182.
731
Calculate the remainder when 96093 is divided by 5030.
523
What is the remainder when 11780183 is divided by 249?
242
What is the remainder when 4321827 is divided by 115?
12
What is the remainder when 17003083 is divided by 25607?
35
What is the remainder when 362299 is divided by 51757?
0
What is the remainder when 776647 is divided by 7?
4
Calculate the remainder when 161861 is divided by 160964.
897
Calculate the remainder when 835116 is divided by 12464.
28
Calculate the remainder when 910578 is divided by 475.
3
What is the remainder when 2225708 is divided by 74190?
8
Calculate the remainder when 34656355 is divided by 3465634.
15
Calculate the remainder when 816613 is divided by 635.
3
What is the remainder when 2522416 is divided by 15?
1
Calculate the remainder when 1984969 is divided by 125.
94
What is the remainder when 1485722 is divided by 1975?
522
What is the remainder when 1236251 is divided by 15262?
29
What is the remainder when 15598251 is divided by 2245?
2236
What is the remainder when 1369325 is divided by 3222?
3197
What is the remainder when 33763 is divided by 33653?
110
Calculate the remainder when 10342075 is divided by 10695.
10
What is the remainder when 92872 is divided by 1306?
146
Calculate the remainder when 2143447 is divided by 4303.
553
What is the remainder when 340412 is divided by 30849?
1073
What is the remainder when 21900817 is divided by 1978?
401
What is the remainder when 138975315 is divided by 11344?
11315
Calculate the remainder when 8597704 is divided by 105.
94
Calculate the remainder when 5641842 is divided by 708.
498
What is the remainder when 381278 is divided by 25418?
8
What is the remainder when 1903314396 is divided by 10900?
10896
What is the remainder when 19324239 is divided by 927?
924
Calculate the remainder when 612541 is divided by 61250.
41
What is the remainder when 85839 is divided by 2892?
1971
Calculate the remainder when 272554 is divided by 1147.
715
Calculate the remainder when 10984 is divided by 578.
2
What is the remainder when 15086818 is divided by 340?
338
Calculate the remainder when 636388 is divided by 2038.
532
Calculate the remainder when 23069 is divided by 3321.
3143
Calculate the remainder when 60654294 is divided by 921.
918
Calculate the remainder when 9952865 is divided by 432.
17
What is the remainder when 34865891 is divided by 1772?
19
Calculate the remainder when 6204 is divided by 3629.
2575
What is the remainder when 347080 is divided by 134?
20
Calculate the remainder when 80995 is divided by 6744.
67
What is the remainder when 1915124 is divided by 212791?
5
Calculate the remainder when 72409183 is divided by 4029.
4024
What is the remainder when 73136 is divided by 5942?
1832
What is the remainder when 16541491 is divided by 7217?
127
What is the remainder when 17905 is divided by 5913?
166
What is the remainder when 80790 is divided by 600?
390
What is the remainder when 683080 is divided by 7581?
790
What is the remainder when 1160782 is divided by 580385?
12
Calculate the remainder when 269321348 is divided by 23.
19
What is the remainder when 3161511 is divided by 82?
1
Calculate the remainder when 4962589 is divided by 46.
17
Calculate the remainder when 121661 is divided by 39864.
2069
Calculate the remainder when 7338269 is divided by 11255.
9
Calculate the remainder when 1944713 is divided by 365.
358
Calculate the remainder when 1246308 is divided by 1921.
1500
Calculate the remainder when 91405775 is divided by 33.
32
What is the remainder when 141204 is divided by 556?
536
What is the remainder when 35010532 is divided by 11?
7
Calculate the remainder when 78913901 is divided by 35.
31
Calculate the remainder when 59113151 is divided by 3888.
3887
Calculate the remainder when 101289 is divided by 1637.
1432
What is the remainder when 493645 is divided by 5671?
268
What is the remainder when 358494 is divided by 232?
54
Calculate the remainder when 3202876 is divided by 69.
34
Calculate the remainder when 241416 is divided by 2908.
52
Calculate the remainder when 34944599 is divided by 8736147.
11
What is the remainder when 530110 is divided by 69?
52
Calculate the remainder when 5160083 is divided by 117273.
71
What is the remainder when 524236 is divided by 524230?
6
What is the remainder when 1971437 is divided by 3071?
2926
What is the remainder when 64335021 is divided by 32167501?
19
Calculate the remainder when 4429055 is divided by 48.
47
Calculate the remainder when 5376155 is divided by 2688075.
5
What is the remainder when 3314201 is divided by 20975?
151
What is the remainder when 118243081 is divided by 113?
107
Calculate the remainder when 16488 is divided by 3545.
2308
Calculate the remainder when 4680410 is divided by 560.
490
What is the remainder when 5680044 is divided by 111372?
72
What is the remainder when 920639 is divided by 41847?
5
What is the remainder when 65578588 is divided by 210?
208
Calculate the remainder when 6444792 is divided by 55.
2
What is the remainder when 5997237 is divided by 1819?
1813
Calculate the remainder when 394737 is divided by 1364.
541
Calculate the remainder when 2230525 is divided by 321.
217
Calculate the remainder when 7369601957 is divided by 14.
11
What is the remainder when 27098957 is divided by 27098936?
21
Calculate the remainder when 220202 is divided by 392.
290
What is the remainder when 30598 is divided by 591?
457
What is the remainder when 18366740 is divided by 6122230?
50
What is the remainder when 66982 is divided by 1?
0
What is the remainder when 34818165 is divided by 44?
41
What is the remainder when 632632 is divided by 4108?
0
What is the remainder when 32668 is divided by 1251?
142
Calculate the remainder when 763930 is divided by 546.
76
Calculate the remainder when 231818816 is divided by 1847.
1846
What is the remainder when 3477725 is divided by 62102?
13
Calculate the remainder when 117612269 is divided by 24667.
13
Calculate the remainder when 364056 is divided by 99.
33
Calculate the remainder when 99124 is divided by 49077.
970
Calculate the remainder when 20256054 is divided by 1278.
1032
Calculate the remainder when 1419494 is divided by 27.
23
What is the remainder when 208311 is divided by 1399?
1259
What is the remainder when 18977881 is divided by 76?
73
What is the remainder when 50386 is divided by 3866?
128
What is the rem